{"id":8705,"date":"2025-05-26T09:38:14","date_gmt":"2025-05-26T09:38:14","guid":{"rendered":"https:\/\/cp.leine-weber.net\/?page_id=8705"},"modified":"2025-05-26T09:38:14","modified_gmt":"2025-05-26T09:38:14","slug":"impressum","status":"publish","type":"page","link":"https:\/\/www.carinopharm.de\/?page_id=8705","title":{"rendered":"Impressum"},"content":{"rendered":"<p>[et_pb_section fb_built=&#8220;1&#8243; admin_label=&#8220;&#8212;&#8212;&#8212;&#8211; Sortiment &#8212;&#8212;&#8212;&#8211;&#8220; _builder_version=&#8220;4.27.4&#8243; _module_preset=&#8220;default&#8220; custom_padding=&#8220;||0px|||&#8220; collapsed=&#8220;on&#8220; global_colors_info=&#8220;{}&#8220;][et_pb_row admin_label=&#8220;Stammsortiment&#8220; _builder_version=&#8220;4.27.4&#8243; _module_preset=&#8220;default&#8220; custom_padding=&#8220;0px|||||&#8220; collapsed=&#8220;on&#8220; global_colors_info=&#8220;{}&#8220;][et_pb_column type=&#8220;4_4&#8243; _builder_version=&#8220;4.24.3&#8243; _module_preset=&#8220;default&#8220; global_colors_info=&#8220;{}&#8220;][et_pb_text content_tablet=&#8220;<\/p>\n<h1 id=%22stamm%22>Impressum<\/h1>\n<p>&nbsp;<\/p>\n<p>&#8220; content_phone=&#8220;<\/p>\n<h1 id=%22stamm%22>Impressum<\/h1>\n<p>&nbsp;<\/p>\n<p>&#8220; content_last_edited=&#8220;on|phone&#8220; admin_label=&#8220;Stammsortiment&#8220; _builder_version=&#8220;4.27.4&#8243; _module_preset=&#8220;default&#8220; text_font_size=&#8220;17px&#8220; header_2_line_height=&#8220;1.6em&#8220; header_3_font_size=&#8220;23px&#8220; hover_enabled=&#8220;0&#8243; global_colors_info=&#8220;{}&#8220; header_font_size=&#8220;36px&#8220; header_font_size_last_edited=&#8220;on|desktop&#8220; sticky_enabled=&#8220;0&#8243; header_font_size_tablet=&#8220;36px&#8220; header_font_size_phone=&#8220;36px&#8220; header_2_font_size_last_edited=&#8220;on|phone&#8220; header_2_font_size_tablet=&#8220;24px&#8220; header_2_font_size_phone=&#8220;24px&#8220;]<\/p>\n<h1 id=\"stamm\">Impressum<\/h1>\n<p>[\/et_pb_text][\/et_pb_column][\/et_pb_row][et_pb_row admin_label=&#8220;Stammsortiment&#8220; _builder_version=&#8220;4.27.4&#8243; _module_preset=&#8220;default&#8220; custom_padding=&#8220;0px|||||&#8220; collapsed=&#8220;on&#8220; global_colors_info=&#8220;{}&#8220; column_structure=&#8220;1_2,1_2&#8243;][et_pb_column type=&#8220;1_2&#8243; _builder_version=&#8220;4.24.3&#8243; _module_preset=&#8220;default&#8220; global_colors_info=&#8220;{}&#8220;][et_pb_text content_tablet=&#8220;<\/p>\n<h2>Stand:<\/h2>\n<p>11.10.2021<\/p>\n<h2>Herausgeber:<\/h2>\n<p>CARINOPHARM GmbH<br \/>Gesch\u00e4ftsf\u00fchrer: Dr. Andreas Landau<br \/>Unter den Tannen 6 \u00b7 D-31036 Eime<br \/>Tel.: +49 (0) 5182 \u2013 58669 \u2013 0<br \/>Fax.: +49 (0) 5182 \u2013 58669 \u2013 44<br \/>E-Mail: info@carinopharm.de<\/p>\n<p>HRB 15305 AG Hildesheim<\/p>\n<p>UST-Id. Nr.: DE 206 943 857<\/p>\n<h2>Zust\u00e4ndige Aufsichtsbeh\u00f6rde:<\/h2>\n<p>Staatliches Gewerbeaufsichtsamt Hannover<br \/>Am Listholze 74, 30177 Hannover<\/p>\n<h2>Datenschutzbeauftragter:<\/h2>\n<p>E-Mail: datenschutz@carinopharm.de<br \/>Website: www.carinopharm.de<br \/>Jede betroffene Person kann sich jederzeit bei allen Fragen und Anregungen zum Datenschutz direkt an unseren Datenschutzbeauftragten wenden.<\/p>\n<h2>Nutzungsbedingungen<\/h2>\n<p>Zugang zu und Nutzung dieser Website unterliegen den folgenden Bestimmungen. Falls Sie mit diesen nicht einverstanden sind, benutzen Sie diese Website bitte nicht. Diese Website wurde von der Carinopharm GmbH entwickelt und wird von ihr administriert. Wir behalten uns das Recht vor, unsere Website nach eigenem Ermessen jederzeit ohne Ank\u00fcndigung ganz oder teilweise zu \u00e4ndern und\/oder deren Betrieb einzustellen. Wir bitten Sie daher, bei Ihrem n\u00e4chsten Besuch dieser Website diese erneut durchzusehen und zwischenzeitlich erfolgte \u00c4nderungen \/ Erg\u00e4nzungen zur Kenntnis zu nehmen.<\/p>\n<h2>Nutzungs-\u00dcberlassung<\/h2>\n<p>S\u00e4mtliche in dieser Website ver\u00f6ffentlichten Informationen, Dokumente und Darstellungen sind alleiniges Eigentum der Carinopharm GmbH. Die Erlaubnis zu ihrer Verwendung steht unter dem Vorbehalt, dass der Copyrightvermerk auf allen Kopien erscheint, der Gebrauch der Informationen nur pers\u00f6nlichen Zwecken dient und keine kommerzielle Verwertung erfolgt, die Informationen in keiner Weise ver\u00e4ndert werden und s\u00e4mtliche Darstellungen der Website nur zusammen mit dem dazugeh\u00f6rigen Text verwendet werden.<\/p>\n<h2>Marken und Urheberrechte<\/h2>\n<p>Der gesamte Inhalt der Webseite ist geistiges Eigentum der Carinopharm GmbH und unterliegt dem Schutz des Urheberrechts. Nutzer d\u00fcrfen den Inhalt dieser Webseiten nur f\u00fcr den eigenen, privaten Bedarf laden, ausdrucken oder kopieren. Ein Hinweis auf das Urheberrecht der Carinopharm GmbH muss auf jeder Kopie unserer Publikationen oder Teilen davon enthalten sein. Jegliche Ver\u00e4nderung, Vervielf\u00e4ltigung, Verbreitung oder \u00f6ffentliche Wiedergabe der Webseite sowie Teilen hiervon, gleich welcher Art, ist unzul\u00e4ssig. Alle Produktnamen sind unabh\u00e4ngig von Schriftgr\u00f6\u00dfe oder Anwesenheit eines Markensymbols Warenzeichen der Carinopharm GmbH, verbundener Unternehmen oder von Lizenzgebern. Die Markenrechte stehen dem jeweiligen Rechtsinhaber zu, der Gebrauch oder Missbrauch dieser eingetragenen Warenzeichen ist ausdr\u00fccklich verboten und wird nach geltendem Recht verfolgt.<\/p>\n<h2>Haftungsbeschr\u00e4nkung<\/h2>\n<p>Die Carinopharm GmbH hat die Informationen auf dieser Website nach bestem Wissen und Gewissen mit professioneller Sorgfalt zusammengestellt. Wir bem\u00fchen uns, das vorliegende Informationsangebot stetig zu aktualisieren. Die Informationen auf dieser Website dienen der Darstellung der Carinopharm GmbH und ihrer Produkte und Services. Wir \u00fcbernehmen jedoch keine Garantie \u2013 weder ausdr\u00fccklich noch stillschweigend \u2013 f\u00fcr die Vollst\u00e4ndigkeit oder Richtigkeit der Informationen auf dieser Website. Diese Informationen waren am Tag ihrer Ver\u00f6ffentlichung aktuell, k\u00f6nnen jetzt aber veraltet sein. Aus diesem Grunde sollten Sie Informationen dieser Website \u00fcberpr\u00fcfen, bevor Sie diese \u2013 in welcher Art auch immer \u2013 verwenden. Die Information auf dieser Website befreit Sie nicht von einer eigenen Pr\u00fcfung unserer aktuellen Hinweise und unserer Produkte im Hinblick auf ihre Eignung f\u00fcr die beabsichtigten Verfahren und Zwecke. Falls Sie besondere Ratschl\u00e4ge oder Anweisungen im Hinblick auf unsere Produkte oder Services ben\u00f6tigen, kontaktieren Sie uns bitte direkt. Die Nutzer dieser Website erkl\u00e4ren sich damit einverstanden, auf diese Website und deren Inhalte auf eigenes Risiko zuzugreifen. Weder Carinopharm GmbH noch Dritte, die in die Erstellung, Produktion oder \u00dcbermittlung dieser Website involviert sind, sind haftbar f\u00fcr Sch\u00e4den oder Verletzungen, die sich aus dem Zugang oder der Unm\u00f6glichkeit des Zugangs, der Nutzung oder Unm\u00f6glichkeit der Nutzung dieser Website oder aus dem Umstand entstehen, dass Sie sich auf eine Information, die auf dieser Website enthalten ist, verlassen.<\/p>\n<h2>Websites Dritter Anbieter\/Links<\/h2>\n<p>Diese Website enth\u00e4lt auch Links oder Verweise auf Websites Dritter. Diese Links zu den Websites Dritter stellen keine Zustimmung zu deren Inhalten seitens Carinopharm GmbH dar. Carinopharm GmbH \u00fcbernimmt keine Verantwortung f\u00fcr die Verf\u00fcgbarkeit oder den Inhalt solcher Websites und keine Haftung f\u00fcr Sch\u00e4den oder Verletzungen, die aus der Nutzung \u2013 gleich welcher Art \u2013 solcher Inhalte entstehen. Links zu anderen Websites werden den Nutzern dieser Website lediglich als Annehmlichkeit zur Verf\u00fcgung gestellt. Carinopharm GmbH \u00fcbernimmt keine Gew\u00e4hr, dass die Links unver\u00e4ndert in gleichbleibender Qualit\u00e4t zu einem Thema informieren. Das Herstellen einer Verbindung zu diesen Websites geschieht auf eigene Gefahr des Benutzers. Die Auswahl der Links soll in keiner Weise auf die Informationen der verlinkten Websites begrenzen.<\/p>\n<p>&#8220; content_phone=&#8220;<\/p>\n<h2>Stand:<\/h2>\n<p>11.10.2021<\/p>\n<h2>Herausgeber:<\/h2>\n<p>CARINOPHARM GmbH<br \/>Gesch\u00e4ftsf\u00fchrer: Dr. Andreas Landau<br \/>Unter den Tannen 6 \u00b7 D-31036 Eime<br \/>Tel.: +49 (0) 5182 \u2013 58669 \u2013 0<br \/>Fax.: +49 (0) 5182 \u2013 58669 \u2013 44<br \/>E-Mail: info@carinopharm.de<\/p>\n<p>HRB 15305 AG Hildesheim<\/p>\n<p>UST-Id. Nr.: DE 206 943 857<\/p>\n<h2>Zust\u00e4ndige Aufsichtsbeh\u00f6rde:<\/h2>\n<p>Staatliches Gewerbeaufsichtsamt Hannover<br \/>Am Listholze 74, 30177 Hannover<\/p>\n<h2>Datenschutzbeauftragter:<\/h2>\n<p>E-Mail: datenschutz@carinopharm.de<br \/>Website: www.carinopharm.de<br \/>Jede betroffene Person kann sich jederzeit bei allen Fragen und Anregungen zum Datenschutz direkt an unseren Datenschutzbeauftragten wenden.<\/p>\n<h2>Nutzungsbedingungen<\/h2>\n<p>Zugang zu und Nutzung dieser Website unterliegen den folgenden Bestimmungen. Falls Sie mit diesen nicht einverstanden sind, benutzen Sie diese Website bitte nicht. Diese Website wurde von der Carinopharm GmbH entwickelt und wird von ihr administriert. Wir behalten uns das Recht vor, unsere Website nach eigenem Ermessen jederzeit ohne Ank\u00fcndigung ganz oder teilweise zu \u00e4ndern und\/oder deren Betrieb einzustellen. Wir bitten Sie daher, bei Ihrem n\u00e4chsten Besuch dieser Website diese erneut durchzusehen und zwischenzeitlich erfolgte \u00c4nderungen \/ Erg\u00e4nzungen zur Kenntnis zu nehmen.<\/p>\n<h2>Nutzungs-\u00dcberlassung<\/h2>\n<p>S\u00e4mtliche in dieser Website ver\u00f6ffentlichten Informationen, Dokumente und Darstellungen sind alleiniges Eigentum der Carinopharm GmbH. Die Erlaubnis zu ihrer Verwendung steht unter dem Vorbehalt, dass der Copyrightvermerk auf allen Kopien erscheint, der Gebrauch der Informationen nur pers\u00f6nlichen Zwecken dient und keine kommerzielle Verwertung erfolgt, die Informationen in keiner Weise ver\u00e4ndert werden und s\u00e4mtliche Darstellungen der Website nur zusammen mit dem dazugeh\u00f6rigen Text verwendet werden.<\/p>\n<h2>Marken und Urheberrechte<\/h2>\n<p>Der gesamte Inhalt der Webseite ist geistiges Eigentum der Carinopharm GmbH und unterliegt dem Schutz des Urheberrechts. Nutzer d\u00fcrfen den Inhalt dieser Webseiten nur f\u00fcr den eigenen, privaten Bedarf laden, ausdrucken oder kopieren. Ein Hinweis auf das Urheberrecht der Carinopharm GmbH muss auf jeder Kopie unserer Publikationen oder Teilen davon enthalten sein. Jegliche Ver\u00e4nderung, Vervielf\u00e4ltigung, Verbreitung oder \u00f6ffentliche Wiedergabe der Webseite sowie Teilen hiervon, gleich welcher Art, ist unzul\u00e4ssig. Alle Produktnamen sind unabh\u00e4ngig von Schriftgr\u00f6\u00dfe oder Anwesenheit eines Markensymbols Warenzeichen der Carinopharm GmbH, verbundener Unternehmen oder von Lizenzgebern. Die Markenrechte stehen dem jeweiligen Rechtsinhaber zu, der Gebrauch oder Missbrauch dieser eingetragenen Warenzeichen ist ausdr\u00fccklich verboten und wird nach geltendem Recht verfolgt.<\/p>\n<h2>Haftungsbeschr\u00e4nkung<\/h2>\n<p>Die Carinopharm GmbH hat die Informationen auf dieser Website nach bestem Wissen und Gewissen mit professioneller Sorgfalt zusammengestellt. Wir bem\u00fchen uns, das vorliegende Informationsangebot stetig zu aktualisieren. Die Informationen auf dieser Website dienen der Darstellung der Carinopharm GmbH und ihrer Produkte und Services. Wir \u00fcbernehmen jedoch keine Garantie \u2013 weder ausdr\u00fccklich noch stillschweigend \u2013 f\u00fcr die Vollst\u00e4ndigkeit oder Richtigkeit der Informationen auf dieser Website. Diese Informationen waren am Tag ihrer Ver\u00f6ffentlichung aktuell, k\u00f6nnen jetzt aber veraltet sein. Aus diesem Grunde sollten Sie Informationen dieser Website \u00fcberpr\u00fcfen, bevor Sie diese \u2013 in welcher Art auch immer \u2013 verwenden. Die Information auf dieser Website befreit Sie nicht von einer eigenen Pr\u00fcfung unserer aktuellen Hinweise und unserer Produkte im Hinblick auf ihre Eignung f\u00fcr die beabsichtigten Verfahren und Zwecke. Falls Sie besondere Ratschl\u00e4ge oder Anweisungen im Hinblick auf unsere Produkte oder Services ben\u00f6tigen, kontaktieren Sie uns bitte direkt. Die Nutzer dieser Website erkl\u00e4ren sich damit einverstanden, auf diese Website und deren Inhalte auf eigenes Risiko zuzugreifen. Weder Carinopharm GmbH noch Dritte, die in die Erstellung, Produktion oder \u00dcbermittlung dieser Website involviert sind, sind haftbar f\u00fcr Sch\u00e4den oder Verletzungen, die sich aus dem Zugang oder der Unm\u00f6glichkeit des Zugangs, der Nutzung oder Unm\u00f6glichkeit der Nutzung dieser Website oder aus dem Umstand entstehen, dass Sie sich auf eine Information, die auf dieser Website enthalten ist, verlassen.<\/p>\n<h2>Websites Dritter Anbieter\/Links<\/h2>\n<p>Diese Website enth\u00e4lt auch Links oder Verweise auf Websites Dritter. Diese Links zu den Websites Dritter stellen keine Zustimmung zu deren Inhalten seitens Carinopharm GmbH dar. Carinopharm GmbH \u00fcbernimmt keine Verantwortung f\u00fcr die Verf\u00fcgbarkeit oder den Inhalt solcher Websites und keine Haftung f\u00fcr Sch\u00e4den oder Verletzungen, die aus der Nutzung \u2013 gleich welcher Art \u2013 solcher Inhalte entstehen. Links zu anderen Websites werden den Nutzern dieser Website lediglich als Annehmlichkeit zur Verf\u00fcgung gestellt. Carinopharm GmbH \u00fcbernimmt keine Gew\u00e4hr, dass die Links unver\u00e4ndert in gleichbleibender Qualit\u00e4t zu einem Thema informieren. Das Herstellen einer Verbindung zu diesen Websites geschieht auf eigene Gefahr des Benutzers. Die Auswahl der Links soll in keiner Weise auf die Informationen der verlinkten Websites begrenzen.<\/p>\n<p>&#8220; content_last_edited=&#8220;on|phone&#8220; admin_label=&#8220;Stammsortiment&#8220; _builder_version=&#8220;4.27.4&#8243; _module_preset=&#8220;default&#8220; text_font_size=&#8220;17px&#8220; header_2_line_height=&#8220;1.6em&#8220; header_3_font_size=&#8220;23px&#8220; hover_enabled=&#8220;0&#8243; global_colors_info=&#8220;{}&#8220; header_font_size=&#8220;36px&#8220; header_font_size_last_edited=&#8220;on|desktop&#8220; sticky_enabled=&#8220;0&#8243; header_font_size_tablet=&#8220;36px&#8220; header_font_size_phone=&#8220;36px&#8220; header_2_font_size_last_edited=&#8220;on|phone&#8220; header_2_font_size_tablet=&#8220;24px&#8220; custom_margin=&#8220;||0px||false|false&#8220; header_2_font_size_phone=&#8220;24px&#8220;]<\/p>\n<h2>Stand:<\/h2>\n<p>11.10.2021<\/p>\n<h2>Herausgeber:<\/h2>\n<p>CARINOPHARM GmbH<br \/>Gesch\u00e4ftsf\u00fchrer: Dr. Andreas Landau<br \/>Unter den Tannen 6 \u00b7 D-31036 Eime<br \/>Tel.: +49 (0) 5182 \u2013 58669 \u2013 0<br \/>Fax.: +49 (0) 5182 \u2013 58669 \u2013 44<br \/>E-Mail: info@carinopharm.de<\/p>\n<p>HRB 15305 AG Hildesheim<\/p>\n<p>UST-Id. Nr.: DE 206 943 857<\/p>\n<h2>Zust\u00e4ndige Aufsichtsbeh\u00f6rde:<\/h2>\n<p>Staatliches Gewerbeaufsichtsamt Hannover<br \/>Am Listholze 74, 30177 Hannover<\/p>\n<h2>Datenschutzbeauftragter:<\/h2>\n<p>E-Mail: datenschutz@carinopharm.de<br \/>Website: www.carinopharm.de<br \/>Jede betroffene Person kann sich jederzeit bei allen Fragen und Anregungen zum Datenschutz direkt an unseren Datenschutzbeauftragten wenden.<\/p>\n<h2>Nutzungsbedingungen<\/h2>\n<p>Zugang zu und Nutzung dieser Website unterliegen den folgenden Bestimmungen. Falls Sie mit diesen nicht einverstanden sind, benutzen Sie diese Website bitte nicht. Diese Website wurde von der Carinopharm GmbH entwickelt und wird von ihr administriert. Wir behalten uns das Recht vor, unsere Website nach eigenem Ermessen jederzeit ohne Ank\u00fcndigung ganz oder teilweise zu \u00e4ndern und\/oder deren Betrieb einzustellen. Wir bitten Sie daher, bei Ihrem n\u00e4chsten Besuch dieser Website diese erneut durchzusehen und zwischenzeitlich erfolgte \u00c4nderungen \/ Erg\u00e4nzungen zur Kenntnis zu nehmen.<\/p>\n<h2>Nutzungs-\u00dcberlassung<\/h2>\n<p>S\u00e4mtliche in dieser Website ver\u00f6ffentlichten Informationen, Dokumente und Darstellungen sind alleiniges Eigentum der Carinopharm GmbH. Die Erlaubnis zu ihrer Verwendung steht unter dem Vorbehalt, dass der Copyrightvermerk auf allen Kopien erscheint, der Gebrauch der Informationen nur pers\u00f6nlichen Zwecken dient und keine kommerzielle Verwertung erfolgt, die Informationen in keiner Weise ver\u00e4ndert werden und s\u00e4mtliche Darstellungen der Website nur zusammen mit dem dazugeh\u00f6rigen Text verwendet werden.<\/p>\n<h2>Marken und Urheberrechte<\/h2>\n<p>Der gesamte Inhalt der Webseite ist geistiges Eigentum der Carinopharm GmbH und unterliegt dem Schutz des Urheberrechts. Nutzer d\u00fcrfen den Inhalt dieser Webseiten nur f\u00fcr den eigenen, privaten Bedarf laden, ausdrucken oder kopieren. Ein Hinweis auf das Urheberrecht der Carinopharm GmbH muss auf jeder Kopie unserer Publikationen oder Teilen davon enthalten sein. Jegliche Ver\u00e4nderung, Vervielf\u00e4ltigung, Verbreitung oder \u00f6ffentliche Wiedergabe der Webseite sowie Teilen hiervon, gleich welcher Art, ist unzul\u00e4ssig. Alle Produktnamen sind unabh\u00e4ngig von Schriftgr\u00f6\u00dfe oder Anwesenheit eines Markensymbols Warenzeichen der Carinopharm GmbH, verbundener Unternehmen oder von Lizenzgebern. Die Markenrechte stehen dem jeweiligen Rechtsinhaber zu, der Gebrauch oder Missbrauch dieser eingetragenen Warenzeichen ist ausdr\u00fccklich verboten und wird nach geltendem Recht verfolgt.<\/p>\n<h2>Haftungsbeschr\u00e4nkung<\/h2>\n<p>Die Carinopharm GmbH hat die Informationen auf dieser Website nach bestem Wissen und Gewissen mit professioneller Sorgfalt zusammengestellt. Wir bem\u00fchen uns, das vorliegende Informationsangebot stetig zu aktualisieren. Die Informationen auf dieser Website dienen der Darstellung der Carinopharm GmbH und ihrer Produkte und Services. Wir \u00fcbernehmen jedoch keine Garantie \u2013 weder ausdr\u00fccklich noch stillschweigend \u2013 f\u00fcr die Vollst\u00e4ndigkeit oder Richtigkeit der Informationen auf dieser Website. Diese Informationen waren am Tag ihrer Ver\u00f6ffentlichung aktuell, k\u00f6nnen jetzt aber veraltet sein. Aus diesem Grunde sollten Sie Informationen dieser Website \u00fcberpr\u00fcfen, bevor Sie diese \u2013 in welcher Art auch immer \u2013 verwenden. Die Information auf dieser Website befreit Sie nicht von einer eigenen Pr\u00fcfung unserer aktuellen Hinweise und unserer Produkte im Hinblick auf ihre Eignung f\u00fcr die beabsichtigten Verfahren und Zwecke. Falls Sie besondere Ratschl\u00e4ge oder Anweisungen im Hinblick auf unsere Produkte oder Services ben\u00f6tigen, kontaktieren Sie uns bitte direkt. Die Nutzer dieser Website erkl\u00e4ren sich damit einverstanden, auf diese Website und deren Inhalte auf eigenes Risiko zuzugreifen. Weder Carinopharm GmbH noch Dritte, die in die Erstellung, Produktion oder \u00dcbermittlung dieser Website involviert sind, sind haftbar f\u00fcr Sch\u00e4den oder Verletzungen, die sich aus dem Zugang oder der Unm\u00f6glichkeit des Zugangs, der Nutzung oder Unm\u00f6glichkeit der Nutzung dieser Website oder aus dem Umstand entstehen, dass Sie sich auf eine Information, die auf dieser Website enthalten ist, verlassen.<\/p>\n<h2>Websites Dritter Anbieter\/Links<\/h2>\n<p>Diese Website enth\u00e4lt auch Links oder Verweise auf Websites Dritter. Diese Links zu den Websites Dritter stellen keine Zustimmung zu deren Inhalten seitens Carinopharm GmbH dar. Carinopharm GmbH \u00fcbernimmt keine Verantwortung f\u00fcr die Verf\u00fcgbarkeit oder den Inhalt solcher Websites und keine Haftung f\u00fcr Sch\u00e4den oder Verletzungen, die aus der Nutzung \u2013 gleich welcher Art \u2013 solcher Inhalte entstehen. Links zu anderen Websites werden den Nutzern dieser Website lediglich als Annehmlichkeit zur Verf\u00fcgung gestellt. Carinopharm GmbH \u00fcbernimmt keine Gew\u00e4hr, dass die Links unver\u00e4ndert in gleichbleibender Qualit\u00e4t zu einem Thema informieren. Das Herstellen einer Verbindung zu diesen Websites geschieht auf eigene Gefahr des Benutzers. Die Auswahl der Links soll in keiner Weise auf die Informationen der verlinkten Websites begrenzen.<\/p>\n<p>[\/et_pb_text][\/et_pb_column][et_pb_column type=&#8220;1_2&#8243; _builder_version=&#8220;4.24.3&#8243; _module_preset=&#8220;default&#8220; global_colors_info=&#8220;{}&#8220;][\/et_pb_column][\/et_pb_row][\/et_pb_section]<\/p>\n","protected":false},"excerpt":{"rendered":"<p>ImpressumStand: 11.10.2021 Herausgeber: CARINOPHARM GmbHGesch\u00e4ftsf\u00fchrer: Dr. Andreas LandauUnter den Tannen 6 \u00b7 D-31036 EimeTel.: +49 (0) 5182 \u2013 58669 \u2013 0Fax.: +49 (0) 5182 \u2013 58669 \u2013 44E-Mail: info@carinopharm.de HRB 15305 AG Hildesheim UST-Id. Nr.: DE 206 943 857 Zust\u00e4ndige Aufsichtsbeh\u00f6rde: Staatliches Gewerbeaufsichtsamt HannoverAm Listholze 74, 30177 Hannover Datenschutzbeauftragter: E-Mail: datenschutz@carinopharm.deWebsite: www.carinopharm.deJede betroffene Person kann [&hellip;]<\/p>\n","protected":false},"author":1,"featured_media":0,"parent":0,"menu_order":0,"comment_status":"closed","ping_status":"closed","template":"","meta":{"_et_pb_use_builder":"on","_et_pb_old_content":"","_et_gb_content_width":"","inline_featured_image":false,"footnotes":""},"class_list":["post-8705","page","type-page","status-publish","hentry"],"_links":{"self":[{"href":"https:\/\/www.carinopharm.de\/index.php?rest_route=\/wp\/v2\/pages\/8705","targetHints":{"allow":["GET"]}}],"collection":[{"href":"https:\/\/www.carinopharm.de\/index.php?rest_route=\/wp\/v2\/pages"}],"about":[{"href":"https:\/\/www.carinopharm.de\/index.php?rest_route=\/wp\/v2\/types\/page"}],"author":[{"embeddable":true,"href":"https:\/\/www.carinopharm.de\/index.php?rest_route=\/wp\/v2\/users\/1"}],"replies":[{"embeddable":true,"href":"https:\/\/www.carinopharm.de\/index.php?rest_route=%2Fwp%2Fv2%2Fcomments&post=8705"}],"version-history":[{"count":2,"href":"https:\/\/www.carinopharm.de\/index.php?rest_route=\/wp\/v2\/pages\/8705\/revisions"}],"predecessor-version":[{"id":8800,"href":"https:\/\/www.carinopharm.de\/index.php?rest_route=\/wp\/v2\/pages\/8705\/revisions\/8800"}],"wp:attachment":[{"href":"https:\/\/www.carinopharm.de\/index.php?rest_route=%2Fwp%2Fv2%2Fmedia&parent=8705"}],"curies":[{"name":"wp","href":"https:\/\/api.w.org\/{rel}","templated":true}]}}